eatest common divisor of 51288 and 11595362.
4274
Calculate the highest common divisor of 5760 and 11225880.
360
What is the highest common divisor of 2751 and 2476293?
393
What is the highest common divisor of 4068 and 11214459?
1017
What is the greatest common divisor of 528 and 2032096?
176
Calculate the highest common factor of 3757985 and 1075.
215
What is the highest common factor of 3597293 and 7?
7
What is the highest common factor of 164581708 and 22282?
1714
What is the greatest common factor of 76484100 and 34056?
5676
What is the greatest common divisor of 17512435 and 705?
235
What is the greatest common factor of 354 and 628052286?
354
Calculate the highest common factor of 95 and 370018844.
19
What is the greatest common factor of 15793 and 345588?
929
Calculate the greatest common factor of 68973 and 146533.
277
What is the greatest common factor of 692784 and 12648?
408
What is the greatest common divisor of 196 and 8828564?
4
Calculate the greatest common factor of 5782734 and 873288.
5598
Calculate the highest common factor of 1337463 and 16321.
859
Calculate the highest common factor of 952 and 371297.
17
Calculate the greatest common factor of 161796 and 548494.
278
Calculate the highest common divisor of 3869586 and 25636.
58
Calculate the greatest common divisor of 8320 and 3550040.
520
What is the highest common factor of 1575 and 233561025?
225
What is the greatest common divisor of 2933273664 and 576?
576
Calculate the greatest common factor of 3817674 and 18081.
2583
What is the highest common factor of 1008768 and 1778479?
2627
What is the greatest common factor of 273651 and 42233?
157
What is the highest common factor of 423546197 and 103?
103
Calculate the greatest common factor of 970515 and 11205.
135
Calculate the highest common divisor of 19252063 and 16075.
643
What is the highest common divisor of 139886 and 3910?
46
Calculate the greatest common divisor of 85734731 and 943.
943
What is the greatest common factor of 21 and 6928123188?
21
What is the highest common factor of 8699457 and 1443?
39
What is the greatest common factor of 5319677 and 3971?
209
What is the greatest common divisor of 530469 and 2250747?
2997
Calculate the highest common factor of 283106 and 154614.
706
What is the greatest common factor of 240 and 11573355?
15
What is the greatest common factor of 2935030 and 345?
115
Calculate the highest common factor of 109616 and 134416.
496
What is the highest common divisor of 60587031 and 204?
51
What is the greatest common divisor of 245080 and 73700?
220
What is the highest common divisor of 3261925 and 175?
25
Calculate the greatest common factor of 22189188 and 1064.
532
Calculate the greatest common divisor of 455 and 3445225.
35
What is the highest common factor of 18323723 and 44440?
1111
What is the highest common divisor of 13459 and 767636?
43
Calculate the greatest common factor of 3477199 and 55.
11
What is the greatest common factor of 3355 and 34078385?
55
What is the greatest common divisor of 8558 and 1444746?
778
Calculate the greatest common divisor of 10488 and 26035494.
138
Calculate the greatest common factor of 10147 and 182792.
73
What is the highest common factor of 16 and 34069756?
4
What is the greatest common factor of 47562507 and 56208?
3513
What is the greatest common divisor of 639760 and 2630?
10
What is the greatest common factor of 585066780 and 33372?
11124
Calculate the greatest common factor of 9408 and 1320207.
147
Calculate the greatest common divisor of 170518481 and 147.
49
What is the highest common divisor of 29616 and 8868758?
1234
Calculate the highest common divisor of 241260 and 115.
5
What is the greatest common divisor of 472500 and 72954?
378
What is the highest common factor of 1934135142 and 906?
906
What is the greatest common factor of 5110 and 75872185?
365
Calculate the highest common divisor of 89287 and 2915.
11
Calculate the greatest common factor of 176070 and 360.
30
What is the greatest common divisor of 2592610 and 114490?
1070
Calculate the highest common divisor of 138 and 20371146.
138
What is the highest common factor of 83197353 and 3?
3
What is the greatest common factor of 452660 and 65260?
260
Calculate the highest common factor of 24 and 43056408.
24
Calculate the greatest common factor of 83915457 and 171.
57
Calculate the highest common divisor of 3024 and 12241341.
189
What is the highest common divisor of 60 and 3906690?
30
Calculate the highest common divisor of 1451073 and 57993.
39
Calculate the highest common divisor of 332 and 27220514.
166
What is the greatest common divisor of 234768 and 102?
6
Calculate the greatest common divisor of 234072360 and 59940.
6660
What is the highest common divisor of 11660 and 360536?
44
Calculate the greatest common factor of 138472547 and 165583.
15053
Calculate the greatest common factor of 31416 and 574420.
308
What is the highest common divisor of 491852495 and 4535?
4535
What is the highest common factor of 192 and 87225?
3
Calculate the highest common factor of 20 and 7302370.
10
What is the highest common divisor of 1332948 and 127125?
339
Calculate the highest common divisor of 2775 and 21225975.
2775
What is the highest common divisor of 5692 and 39693162?
2846
Calculate the greatest common divisor of 1377 and 389081907.
459
What is the greatest common factor of 41688477 and 207?
9
What is the highest common factor of 86407588 and 52?
4
Calculate the highest common factor of 23066604 and 434.
62
What is the greatest common divisor of 73 and 18116848?
73
What is the greatest common divisor of 53071832 and 11?
11
What is the highest common factor of 2140 and 148035570?
1070
What is the highest common divisor of 191745 and 141390?
45
Calculate the highest common divisor of 333114 and 22007.
59
What is the greatest common factor of 304857 and 1854657?
189
Calculate the highest common factor of 1579109 and 1302.
217
What is the highest common divisor of 996568 and 8428?
172
What is the highest common factor of 41830 and 245462?
178
What is the greatest common factor of 6376332 and 1515?
303
Calculate the highest common divisor of 22849 and 673936.
73
Calculate the greatest common divisor of 12496133 and 13.
13
Calculate the greatest common factor of 84 and 574146076.
28
Calculate the highest common factor of 1614 and 9101346.
1614
Calculate the greatest common divisor of 1456998 and 175974.
834
Calculate the highest common divisor of 1560419 and 371.
7
Calculate the highest common divisor of 5708 and 14636.
4
What is the greatest common factor of 38571 and 192231?
39
What is the highest common divisor of 10 and 22757310?
10
What is the greatest common divisor of 1988 and 5633516?
28
What is the highest common divisor of 664 and 67871590?
166
What is the highest common divisor of 470958 and 108438?
318
Calculate the highest common factor of 141096 and 1704.
24
Calculate the greatest common divisor of 573048 and 81648.
1512
What is the highest common factor of 33469566 and 51069?
1761
What is the highest common divisor of 13 and 2879084702?
13
Calculate the greatest common divisor of 2107576 and 262984.
3704
Calculate the highest common divisor of 66704 and 26521.
11
Calculate the greatest common factor of 12906 and 66138.
6
What is the greatest common divisor of 81979803 and 5256?
657
Calculate the highest common factor of 3158599 and 39459.
1879
Calculate the highest common divisor of 110389994 and 572.
286
What is the greatest common divisor of 38742813 and 204?
51
What is the greatest common divisor of 1450221 and 105?
3
Calculate the highest common factor of 1837794 and 873354.
5358
What is the greatest common divisor of 141104295 and 405?
135
What is the greatest common divisor of 114453777 and 114?
57
Calculate the highest common divisor of 38878128 and 144.
144
Calculate the highest common factor of 163332 and 19032.
156
Calculate the highest common factor of 7260480 and 80.
80
What is the highest common divisor of 216 and 2268927?
9
Calculate the greatest common divisor of 47604566 and 555230.
8542
What is the highest common divisor of 2440080 and 160?
80
Calculate the greatest common factor of 25305367 and 2363.
2363
What is the highest common factor of 412441 an